e 3*a = 2*n + 4955, z*n + 7 = 27. Is a a composite number?
True
Let j(h) = 104*h**3 - 19*h**2 - 2*h + 491. Is j(12) composite?
True
Suppose 2*q + 2 = 0, -7*w + 5*q = -9*w - 25. Is ((-318)/(-12))/((-1)/w) composite?
True
Let n be 60/(-21)*(-42056)/16. Suppose 14*k = 19*k - n. Is k prime?
False
Let l be (-5090)/(-4)*574/35. Suppose -14*s + l = -7761. Is s composite?
True
Let l be (-141696)/(-26) + (-3)/(-156)*8. Suppose -4*r + 3*h + 10894 = 0, -11*r - 3*h = -13*r + l. Is r composite?
True
Let c = 10590 + -6325. Suppose -10*d + 15*d = c. Is d composite?
False
Let a(b) be the second derivative of -2*b**2 + 211/6*b**3 + 0 - 11*b. Is a(6) a prime number?
False
Let n(m) = -2539*m + 704. Is n(-17) composite?
False
Let h(f) = -487*f + 25. Let x be h(7). Let p = x + 5231. Is p prime?
True
Let o(x) = -1123*x - 562. Is o(-17) prime?
False
Suppose 127056553 = 57*k + 1471018. Is k a composite number?
True
Let r(i) = 2*i**2 - 24*i. Let n be r(12). Let c(a) = 16*a**2 + n + 13*a - 5*a + 2 + 14*a**2. Is c(4) prime?
False
Suppose -1 + 4 = -3*n. Let t be 6*(1 + n - -1). Suppose t*v + 3739 = 2*m + 3*v, 0 = -3*m - v + 5614. Is m a composite number?
False
Let z(x) = 627*x**2 - 83*x + 553. Is z(13) composite?
False
Let r be ((-6)/2)/6*-2. Suppose r = 8*i - 9*i. Is (i - -87) + -1 - -2 a prime number?
False
Let g = -466 + 475. Is -1 + g - (-1509)/3 a prime number?
False
Let a(r) = -381*r - 46. Let n = 84 - 87. Is a(n) a prime number?
True
Let j(m) = -m**2 + 9*m - 6. Suppose z - 36 = -3*z + 2*b, -4*z = 3*b - 26. Let x be j(z). Suppose -x*a + 1294 = -0*a. Is a a prime number?
True
Let w be ((-2)/8)/((-16)/448). Let h(t) = -t**2 + 18*t - 22. Let n be h(w). Is (49125/n - 6) + (-4)/22 prime?
True
Is ((-36)/(-6) - 15) + 2808623 + (-6)/(-2) composite?
True
Suppose -3*p - 1809835 = -t + 63070, -4*t = 4*p - 7491700. Is 2*((-1)/(-7))/(80/t) composite?
False
Let t(n) = n**3 - n**2 - 34*n + 19. Suppose 5*j + 2*w - 130 = 0, 10*j - 82 = 7*j - 2*w. Is t(j) composite?
False
Suppose -2 = 20*z - 18*z. Let s(t) = 21214*t**2 + 4*t + 3. Let v be s(z). Suppose -14*q - v = -54267. Is q a composite number?
True
Let w(f) = 1777*f**2 + 115*f + 329. Is w(29) a composite number?
False
Suppose 41 = 5*h - 2*f, -2*h = 4*f - 2*f - 8. Suppose 5*a - 2 = -h, -4*r + 2*a + 11862 = 0. Is r composite?
True
Suppose -347864 - 1275257 = -43*r. Is r a prime number?
True
Let i(a) = 17760*a + 413. Is i(10) a composite number?
True
Let h = 73249 - 36892. Is h a composite number?
True
Let q(n) be the third derivative of -383*n**4/24 - n**3/2 - 5*n**2. Suppose -5*d - 11 = -c, c - 2 = 2*d - 0. Is q(c) composite?
True
Let x(n) be the first derivative of -4*n**2 + 5 - 6 + 23*n - 6*n**2. Is x(-7) a composite number?
False
Suppose -5*n = -2*k - 19 - 51, -5*n + k = -75. Suppose o - 5 = w - o, -o + n = 4*w. Suppose -5*q + w*p = -431, 0 = 2*q - 3*q + 5*p + 95. Is q a prime number?
False
Suppose 4*w - 2*w + 144 = 0. Let n = -69 - w. Suppose n*s - 222 = 249. Is s composite?
False
Let a be 572 + ((-25)/5 - -5). Suppose 9*m - 13 = a. Is m prime?
False
Let x = 418431 + 179326. Is x prime?
True
Suppose -34533 = -3*y - 3*x + 25452, 2*y - 39990 = -5*x. Suppose y + 18269 = 8*v. Is v a prime number?
True
Let z(n) = 1519*n**3 - n**2 + 2*n - 1. Let c be z(1). Suppose -3*q = -q + 2*x - 4732, -3*q + 7074 = -5*x. Suppose -q = -6*d + c. Is d a prime number?
True
Suppose 0 = -15*q + 2364688 - 484506 + 1561343. Is q a composite number?
True
Suppose 41*w - 2*p - 291058 = 37*w, 3*w - 4*p - 218281 = 0. Is w composite?
False
Is (-6)/(-93) - 148596444/(-1116) a composite number?
True
Let h be 1 + 388/13 + (-140)/(-910). Suppose 146469 = h*n - 399038. Is n composite?
False
Let o(z) = -z**2 + z + 15021. Let u be o(0). Suppose 27631 = 4*b - u. Is b composite?
False
Let x(d) be the third derivative of -18*d**2 - 41/6*d**3 + 0*d + 0 - 1/6*d**4. Is x(-16) a composite number?
False
Suppose -4*r - 17 + 0 = s, -15 = 5*r - 5*s. Is ((-75925)/20)/(1/r) a composite number?
True
Let p(k) = -42*k**3 + 8*k**2 + 25*k - 2. Let f(d) = 2*d**2 + 91*d + 125. Let o be f(-44). Is p(o) composite?
False
Is ((-4981990)/(-20) - -29) + (-3)/2 + 0 prime?
True
Suppose -3*z - 42 = -5*o, o + 2 = -11*z + 9*z. Suppose -o*r = 5*k - 9*r - 4535, -3628 = -4*k + 4*r. Is k prime?
True
Suppose 0 = 11*q - 39 - 5. Suppose 10*t + 38879 = 2*z + 5*t, -q*z - 3*t + 77797 = 0. Is z prime?
True
Let f be 5*-2*((-24)/(-15))/(-4). Let n be (663/(-2))/((-24)/64). Suppose 8*m - f*m = 4*s + n, 0 = -m + 5*s + 213. Is m composite?
False
Suppose -v + 2*v - 3759 - 43462 = 0. Is v a composite number?
False
Let u(g) = -g**3 + 6*g**2 + 18*g - 12. Let h be u(8). Suppose -2*f + 46 + h = 0. Suppose -14982 = -f*j + 19*j. Is j a composite number?
True
Suppose -39*z - 15*z = -18*z - 22354452. Is z a prime number?
True
Suppose 2*u = -v - 4 + 7, -3*u - 3 = 0. Suppose 2081 - 16021 = -5*x + v*n, -3*n - 11153 = -4*x. Suppose 1366 = 3*p - x. Is p composite?
True
Let r = 1430 + -329. Let d = 3024 - r. Is d composite?
True
Let y(z) = 2*z**2 - z - 31. Let n be y(-9). Let h = n + -46. Is h composite?
True
Let z be (-31194)/(-8)*344/129. Let d = -5651 + z. Is d a prime number?
False
Suppose -3*l - 3*v = -555786, -5*v - 10780 = 3*l - 566576. Is l composite?
True
Suppose 0 = -2*q + 6*b - 2*b + 24, 4*b = 5*q - 30. Suppose 0 = -q*h - 4, 3*m - h = -8395. Is m/(-72) + (-2)/(-16) prime?
False
Let i(v) be the second derivative of -3*v**5/20 - 3*v**4/4 - 15*v**2/2 + v. Let b(g) = g**3 - 24*g**2 + 21*g + 39. Let f be b(23). Is i(f) a composite number?
True
Let z = -144730 - -241807. Is z a prime number?
False
Suppose -4*k + 32 = 0, -u - 118*k + 16291 = -114*k. Is u prime?
False
Suppose -a - 4*a + 80 = 0. Suppose -11*x = -a*x + 660375. Is (-1)/(7/2) + x/315 a composite number?
False
Let p(s) = -2*s + 14. Let c be p(7). Let r(a) = a**2 + a + 1. Let h(z) = 2*z**2 + z + 1748. Let n(f) = h(f) - r(f). Is n(c) prime?
True
Let c(f) = -4506*f + 1025. Is c(-9) a composite number?
False
Is (-12)/(-72)*-114 + 676682 prime?
False
Let t(j) = -1598*j**3 + 46*j**2 + 157*j - 13. Is t(-4) prime?
True
Suppose 31*a - 9946 = 365061. Is a a composite number?
False
Let g = -391 - -392. Let o = 6730 + g. Is o a composite number?
True
Let a = 1029273 + -568946. Is a a prime number?
False
Suppose h = -z + 1549, 4*z + 7368 = 4*h + 1164. Let b = 179 + 180. Suppose b = w - h. Is w composite?
True
Suppose 5*t - 3*g = 2*t + 21, -4*t + 25 = -3*g. Let o(c) = 2*c + 8*c**2 - 11 - t*c**2 + 14*c**2 + c. Is o(-8) prime?
True
Let c = 7485 + 1121. Suppose -t - t + c = 3*p, 5*t - 21528 = -p. Is t a prime number?
False
Suppose o = 8*r - 6*r + 1834, 4*r = -3*o - 3668. Let x = -388 - r. Is x prime?
False
Let b = -41 + 39. Is ((-1868)/8)/((-2)/b)*-2 prime?
True
Let m(s) = -574 + 605 - 75*s - 47*s - 36*s. Suppose -14 - 1 = 3*j. Is m(j) prime?
True
Let b(r) = -r**3 + 106*r**2 + 13*r + 1481. Is b(78) prime?
False
Let z(q) = 25*q + 17. Let n(x) = -x**3 + 7*x**2 - 7*x - 2. Let f be n(5). Let b be z(f). Suppose 2*a = a - 5*w + b, 2*w = -3*a + 961. Is a a prime number?
True
Let n(k) = 228*k**3 - k**2 - 1. Let j be n(3). Let z = j + -4257. Is z prime?
True
Let u(n) = -2*n + 18. Let g be u(6). Is 9/((-27)/(-13836)) - (g - 7) a prime number?
False
Let m = 463 + -463. Suppose m = -3*r + 1491 + 2580. Is r prime?
False
Let n be -1 + (-5 - (0 + -13618)). Suppose 7385 = 9*x - n. Is x prime?
True
Let b(s) = 49*s**2 - 16*s + 25. Suppose -4 = -i - y, -i = -4*i - 5*y + 8. Is b(i) composite?
False
Is ((8/(-32))/(15/2928060))/((-3)/17) composite?
True
Let k be 7/(-21)*-10 + (-1)/3. Suppose 0 = k*c - 2*r - 7367, 2*c + r - 2230 = 2693. Is c composite?
False
Let k = 32 - 27. Suppose 13738 + 3231 = k*f + 4*h, -2*f = h - 6790. Let w = f + -854. Is w composite?
False
Let g(m) = 4*m**2 + 2*m - 2. Let d be g(1). Suppose d*j = j + 4*j. Is ((-6)/(-4))/(j - (-6)/1964) a prime number?
True
Suppose 27*m + 129796 = 31*m + 3*r - 8*r, -2*r = 0. Is m composite?
True
Let s be (-8)/(-28) + 96/7. Let n(u) = 4*u - 46. Let q be n(s). Let i(o) = -o**3 + 13*o**2 + 21*o + 11. Is i(q) prime?
True
Let b(v) = 12743*v - 3. Let n be b(1). Suppose -7*c = -11*c - n. Let a = c + 5466. Is a prime?
True
Let j be 0 + (12/3)/(-4). Is 3402/36 - (j + (-3)/(-2)) composite?
True
Let z = 18562682 - 13179661. Is z a prime number?
False
S